me?
True
Let f be (-56)/16 - (-3)/(-6) - -6. Suppose f*h = u + 425, -3*h + 655 = u + u. Is h a composite number?
True
Let b(w) = 192*w**2 + 11*w + 7. Let q be b(13). Suppose 1653 - q = -5*u. Is 14/35 + u/15 + 0 composite?
True
Suppose 2*k + 7523 = z - 2810, -2*k = 0. Suppose -z = -2*b + 2413. Is b prime?
True
Suppose 7*c - 12570 = -5*c + 31122. Is c a prime number?
False
Suppose 0 = 7*z + 8 - 8. Suppose 4*o - 3*u - 5233 = 2868, z = 5*o + 4*u - 10165. Suppose 0 = 4*q - 3*q - o. Is q prime?
True
Suppose -5*x = -3*r - 814892, 5*x = -r + 256002 + 558894. Is x prime?
False
Suppose -2*o - 9240 = -24*o. Suppose -o = -16*q + 4*q. Is q a prime number?
False
Let m be (41805/4 - 1)*4. Let z = m + -21770. Suppose 15062 = 19*r - z. Is r a composite number?
False
Let j(t) = 17802*t**2 + 23*t - 8. Is j(-3) a prime number?
True
Let v(l) = 69*l - 86. Let r be (8/(-4) + 3)*(21 - 0). Is v(r) a prime number?
False
Let v(a) = -23*a**2 + 29*a - 98. Let c be v(-26). Let q = -52 - -34. Is c/q + 3/(-27) a prime number?
True
Let g(c) = c**2 - 64*c + 15053. Is g(0) prime?
True
Let a(f) = -15009*f**3 - 2*f**2 - 20*f - 37. Is a(-2) a prime number?
True
Suppose -18 = -3*z - 21. Let q be (-1)/((-9)/(-129))*z*12. Suppose -13 + q = b + o, 0 = -2*o + 4. Is b a prime number?
True
Suppose m + 4 = 2*m. Suppose 41 = 2*o + 53. Is 335/m + o/8 a prime number?
True
Let r = -165 + 205. Suppose 34*m = r*m - 3954. Is m composite?
False
Let k(o) = 880*o**2 + 11*o - 87. Let q be k(17). Is q/30 + 9 + 8/6 a composite number?
True
Is 2711844/14 - 13/91 composite?
False
Let s(g) = 287*g + 21. Let h be s(10). Let b = h + -1764. Is b/2 - (-20)/(-40) prime?
True
Let v(o) = -38*o**3 - 3*o**2 + 17*o - 7. Let w be v(-8). Suppose w + 8385 = 5*f - 2*c, -2*f - 5*c = -10985. Suppose -5*s - 1115 = -f. Is s a composite number?
False
Let x(u) = 396*u**2 + 97*u - 902. Is x(13) prime?
False
Suppose 251*y - 14367176 = 115*y. Is y prime?
False
Suppose -13*r = -2499100 + 497529. Is r composite?
True
Let p(c) = -18*c + 7. Suppose 17*o = 18*o. Suppose o = -u + 4*f - 4 - 15, -u + 3*f = 17. Is p(u) prime?
False
Let n = 2968 - -3163. Is n a prime number?
True
Suppose 0 = 4*n - 71 + 15. Is 146/(-511) - (-6542)/n prime?
True
Is (-5 + 327627/36)*(6 + -2) a prime number?
True
Let o(b) = 17080*b**2 - 442*b + 2237. Is o(5) composite?
True
Let u(b) = 18 + 17*b + 17 - 5*b + 16 + 81*b**2 - 35. Is u(-9) a prime number?
True
Suppose 0 = -m - 0*m - 3*x + 10, 2*x - 2 = 4*m. Let h be 0 - 3 - -6 - m. Suppose 0 = w - 53 - h. Is w a composite number?
True
Let y be ((1 + -1)*1)/1. Suppose 3*b - k - 2*k = 6861, y = -4*b + 2*k + 9142. Let s = b - 1515. Is s prime?
True
Let f(s) = 5361*s - 1559. Is f(6) prime?
False
Suppose -3*t + 342335 = z, -2*t + 228230 = -2*z + z. Is t prime?
True
Suppose 17*u + 14 = 3*u. Let d(y) = -442*y - 10. Let b(l) = -442*l - 9. Let j(n) = 5*b(n) - 4*d(n). Is j(u) composite?
True
Let t = -21620 + 48289. Is t composite?
False
Suppose -145901 - 184231 = -36*v + 160872. Is v composite?
True
Suppose -39*a = 2*r - 36*a - 363893, -r = 4*a - 181949. Is r a composite number?
True
Suppose c - 5*v - 22 = 0, -4*v = -3*c + 4*c + 14. Suppose 0 = 5*u - c*a - 10947, 590 - 7153 = -3*u - 4*a. Is u a prime number?
False
Let f(n) = 5*n**2 - 11*n + 4. Let q be f(2). Suppose 799 = 5*o - 5*g - 5246, -4*o - q*g = -4860. Is o a prime number?
True
Suppose -h = 2*j - 267, 242 = 4*j - 2*j - 4*h. Let z(b) = -138*b + 16. Let t be z(-17). Let r = t - j. Is r composite?
True
Let k(g) = 1130*g**2 - 4*g - 3. Let n be k(-1). Suppose 6*m - 921 - n = 0. Suppose 0 = 3*c + 4*x - m, -25 - 341 = -3*c + 4*x. Is c prime?
False
Let f = -2458 + -1244. Let p = f - -6205. Is p composite?
False
Suppose -3*a + 7 = -2*y - 0*y, -3*a + 1 = y. Let p be (-20)/(-6)*(-287 + y + 1). Let v = p - -3458. Is v a composite number?
True
Let h = 107600 - 60523. Is h composite?
True
Let q(k) = 77535*k + 539. Is q(2) a prime number?
True
Suppose y + y = 3*r + 380101, 0 = -7*y + 5*r + 1330348. Is y a composite number?
True
Suppose 3*k + 5*v + 11 - 39 = 0, 4*k - 34 = -5*v. Let i be (8/k)/(4/4254). Suppose 2948 + i = 2*d. Is d a prime number?
False
Suppose -r = a - 10481, 5*r - 2*a - 31585 = 20841. Let k = r + -6941. Is k a prime number?
False
Let a(t) = -33*t**2 + 9*t + 16. Let k be a(-7). Let s = k - -4188. Suppose -2*l - 4*w + s = 2*l, -4*l - 3*w = -2528. Is l a prime number?
False
Let v(z) = 12*z**2 - 3*z + 32. Let y(d) = -d - 17. Let q be y(-26). Is v(q) a composite number?
False
Suppose -2*n - 88345 = 4*n - 336319. Is n a composite number?
True
Let a(g) = g**2 - 59. Let i be a(8). Suppose 3*q - 2*l - 789 = 0, i*q = -3*l + 579 + 755. Is q prime?
False
Is 5/3 + 249984712/498 composite?
True
Let i = -10575 - -16325. Let x = 9537 - i. Is x prime?
False
Let g be (-5)/3*(-25)/(1125/54). Suppose -832 = -g*i - 38. Is i composite?
False
Let v = -48 + 52. Let u(o) = -39*o**2 - o - 1. Let l be u(v). Let w = 1260 + l. Is w composite?
False
Let j = 186 + -184. Suppose j*m - 3981 - 845 = 0. Is m prime?
False
Let d(m) be the first derivative of -1/4*m**4 - 11*m + 0*m**3 - 25 - 5/2*m**2. Is d(-5) prime?
True
Let w(q) = q**2 + 2*q - 65. Let v be w(-9). Is (-13)/(v/62*(-5 - -6)) prime?
False
Suppose 0 = -14*d + 6*d + 41120. Suppose 3*v = d + 1829. Is v prime?
False
Let n = 126 - 162. Is n/45*610/(-4) composite?
True
Suppose -56242 = -4*q + 32122. Suppose -q = -18*i + 7699. Is i a prime number?
False
Let m(b) = 2*b + 10. Let q be m(7). Suppose 0 = -32*w - 22*w + 1188. Suppose 3070 = q*c - w*c. Is c a composite number?
True
Suppose -2*d + 7 + 11 = -5*k, 0 = k - 3*d + 14. Is 128312/56 + k/7 prime?
False
Suppose 5*q + 41 = -y, 4*q - 2*y + 28 = 2*y. Let w(o) = o**2 + 6*o - 14. Let f be w(q). Suppose 3*b = -4*s + 1333, 6*b - 2*b + 650 = f*s. Is s prime?
True
Is (-91698 - 2 - -1)/(-24 + 23) a prime number?
False
Suppose 0 = -8*o - 3 + 179. Suppose 11086 = o*j + 504. Is j prime?
False
Let b(i) = -51677*i + 27. Let m be b(-1). Let r = -20691 + m. Is r a composite number?
False
Let w = -90033 + 201562. Is w a prime number?
False
Let s(u) = 5*u**3 + 10*u**2 + 8*u + 20. Let w be s(9). Suppose -w = -2*r + 5*z + 22607, 4*r - 5*z - 54288 = 0. Is r a prime number?
True
Let h = -19172 + 34266. Is h prime?
False
Let k(m) = 2740*m**3 - 2*m**2 - 5*m - 2. Let a be k(-1). Is (-2 + a)*(-11)/11 a prime number?
True
Let o(i) = 2*i**3 - 9*i**2 - 9*i - 3. Suppose 6 = 5*x - 2*d - 12, 3*x = 5*d + 26. Suppose -x*z + 3*b + 13 - 5 = 0, 24 = 4*z - 2*b. Is o(z) a prime number?
True
Let z(q) = 3*q**2 - 16*q - 2. Let w be 4/12*(-1 + 1). Suppose 0*p + 2*p - 22 = w. Is z(p) a composite number?
True
Let c(j) = -2015*j - 846. Is c(-7) prime?
True
Let a(z) = -9482*z**3 - 24*z**2 - 53*z + 3. Is a(-2) a prime number?
True
Suppose -2*h = 3*r - 336636 - 53302, r - 129985 = 5*h. Suppose r = 17*f - 31367. Is f a prime number?
True
Let w = -376 - 861. Let p = -200 - w. Is p prime?
False
Let l(m) = -159276*m - 779. Is l(-1) composite?
True
Let f = 14939 - -4434. Is f prime?
True
Let w(r) = -391*r**2 - 13*r - 24. Let x be w(-2). Let h be (4 + -3)*2 + 2097. Let b = h - x. Is b a composite number?
True
Let n = 42 + -49. Let l be ((-3)/(-6))/(n/(-56)). Suppose 0 = l*o - 121 - 6363. Is o a composite number?
False
Let p be -3 + 0 + -1 + 0. Let s be p + (-3 - -2987) - -4. Suppose 0 = n - 4, 3*n = 4*h - 0*n - s. Is h a composite number?
True
Suppose 5*a = -5*r + 60920, 9*a = -5*r + 6*a + 60910. Is r a prime number?
False
Let q(p) = -p**2 - p + 493. Suppose -5*o = -t + 53, -t = -6*o + 3*o - 51. Let j = t - 48. Is q(j) a prime number?
False
Let j(x) = 76*x + 43361. Is j(0) a prime number?
False
Suppose 12*k - 2*k + 180 = 0. Let x(v) = -239*v - 265. Is x(k) composite?
True
Suppose -6*m + 7*m - 120855 = 18716. Is m a composite number?
False
Suppose -q - 431721 = -3*z, 73*q = 4*z + 77*q - 575660. Is z a composite number?
False
Let p = -70 - -72. Let t(j) = -2*j + 22. Let f be t(9). Suppose -3*b = -b + f, -1873 = -3*k + p*b. Is k a prime number?
False
Suppose -107 + 99 = -4*v. Suppose v*w - 6206 = 4*m, 12408 = 6*w - 2*w - 4*m. Suppose -2*t = -5*n - w, 4*n + 4641 = 5*t - 2*t. Is t composite?
False
Let g = 77 + -73. Let p be g/(-10) + (4 - (-4)/10). Suppose -3*o + p*o - 1657 = 0. Is o prime?
True
Let p(a) = 3*a**2 - 10*a - 57. Let s be (288/45)/(4